s digit of 573?
5
What is the thousands digit of 8510?
8
What is the hundreds digit of 6132?
1
What is the thousands digit of 139472?
9
What is the ten thousands digit of 28724?
2
What is the units digit of 1609?
9
What is the tens digit of 30778?
7
What is the units digit of 138779?
9
What is the tens digit of 2983?
8
What is the hundreds digit of 4396?
3
What is the tens digit of 4501?
0
What is the hundreds digit of 19444?
4
What is the units digit of 5397?
7
What is the hundreds digit of 2518?
5
What is the hundreds digit of 4772?
7
What is the thousands digit of 12201?
2
What is the tens digit of 2661?
6
What is the units digit of 20319?
9
What is the ten thousands digit of 36610?
3
What is the thousands digit of 2740?
2
What is the hundreds digit of 17552?
5
What is the units digit of 210?
0
What is the units digit of 113501?
1
What is the thousands digit of 1252?
1
What is the ten thousands digit of 21706?
2
What is the tens digit of 501?
0
What is the units digit of 944?
4
What is the thousands digit of 4018?
4
What is the tens digit of 12721?
2
What is the tens digit of 32304?
0
What is the units digit of 228?
8
What is the tens digit of 6803?
0
What is the hundreds digit of 529?
5
What is the tens digit of 8687?
8
What is the thousands digit of 46626?
6
What is the units digit of 3800?
0
What is the thousands digit of 1312?
1
What is the tens digit of 246?
4
What is the ten thousands digit of 57171?
5
What is the thousands digit of 27685?
7
What is the units digit of 5785?
5
What is the tens digit of 1698?
9
What is the hundreds digit of 1513?
5
What is the tens digit of 113?
1
What is the ten thousands digit of 44860?
4
What is the thousands digit of 22550?
2
What is the hundreds digit of 359?
3
What is the units digit of 9764?
4
What is the ten thousands digit of 38953?
3
What is the thousands digit of 2845?
2
What is the ten thousands digit of 20750?
2
What is the tens digit of 7043?
4
What is the thousands digit of 9521?
9
What is the tens digit of 4706?
0
What is the tens digit of 1028?
2
What is the tens digit of 39673?
7
What is the hundreds digit of 13796?
7
What is the hundreds digit of 45311?
3
What is the thousands digit of 3186?
3
What is the tens digit of 1656?
5
What is the thousands digit of 9764?
9
What is the tens digit of 939?
3
What is the tens digit of 911?
1
What is the hundreds digit of 1058?
0
What is the units digit of 1991?
1
What is the thousands digit of 21800?
1
What is the tens digit of 15235?
3
What is the tens digit of 18913?
1
What is the hundreds digit of 37186?
1
What is the hundreds digit of 760?
7
What is the units digit of 1372?
2
What is the hundreds digit of 2548?
5
What is the units digit of 2510?
0
What is the thousands digit of 2452?
2
What is the units digit of 20577?
7
What is the tens digit of 83927?
2
What is the hundreds digit of 5668?
6
What is the thousands digit of 4274?
4
What is the thousands digit of 1379?
1
What is the hundreds digit of 1692?
6
What is the thousands digit of 3312?
3
What is the tens digit of 122353?
5
What is the tens digit of 36222?
2
What is the hundreds digit of 510?
5
What is the units digit of 1464?
4
What is the hundreds digit of 32116?
1
What is the tens digit of 9978?
7
What is the ten thousands digit of 33237?
3
What is the units digit of 2814?
4
What is the hundreds digit of 1570?
5
What is the units digit of 2007?
7
What is the thousands digit of 30917?
0
What is the thousands digit of 2702?
2
What is the hundreds digit of 498?
4
What is the hundreds digit of 96641?
6
What is the thousands digit of 4712?
4
What is the units digit of 11153?
3
What is the units digit of 136838?
8
What is the tens digit of 406?
0
What is the tens digit of 576?
7
What is the tens digit of 1038?
3
What is the tens digit of 1264?
6
What is the tens digit of 6897?
9
What is the ten thousands digit of 36039?
3
What is the tens digit of 4587?
8
What is the tens digit of 2917?
1
What is the tens digit of 4688?
8
What is the ten thousands digit of 25422?
2
What is the hundreds digit of 754?
7
What is the tens digit of 7252?
5
What is the hundreds digit of 47932?
9
What is the thousands digit of 10900?
0
What is the hundreds digit of 667?
6
What is the hundreds digit of 671?
6
What is the hundreds digit of 46758?
7
What is the hundreds digit of 106?
1
What is the ten thousands digit of 42463?
4
What is the tens digit of 223?
2
What is the units digit of 840?
0
What is the thousands digit of 3386?
3
What is the hundreds digit of 1217?
2
What is the hundreds digit of 1288?
2
What is the hundreds digit of 514?
5
What is the hundreds digit of 4562?
5
What is the tens digit of 12980?
8
What is the tens digit of 3119?
1
What is the tens digit of 26693?
9
What is the units digit of 3525?
5
What is the thousands digit of 5886?
5
What is the tens digit of 7239?
3
What is the tens digit of 29811?
1
What is the tens digit of 4020?
2
What is the units digit of 9053?
3
What is the hundreds digit of 1148?
1
What is the units digit of 508?
8
What is the units digit of 710?
0
What is the thousands digit of 2664?
2
What is the hundreds digit of 13564?
5
What is the tens digit of 1882?
8
What is the hundreds digit of 250?
2
What is the hundreds digit of 1616?
6
What is the units digit of 1658?
8
What is the hundreds digit of 2476?
4
What is the ten thousands digit of 20489?
2
What is the ten thousands digit of 19352?
1
What is the thousands digit of 26776?
6
What is the thousands digit of 1604?
1
What is the thousands digit of 1050?
1
What is the hundreds digit of 150?
1
What is the tens digit of 2334?
3
What is the ten thousands digit of 37457?
3
What is the hundreds digit of 44320?
3
What is the tens digit of 2241?
4
What is the units digit of 1911?
1
What is the hundreds digit of 1582?
5
What is the thousands digit of 29712?
9
What is the tens digit of 500?
0
What is the tens digit of 10603?
0
What is the tens digit of 2984?
8
What is the units digit of 314?
4
What is the units digit of 14031?
1
What is the units digit of 23443?
3
What is the hundreds digit of 95127?
1
What is the tens digit of 6375?
7
What is the hundreds digit of 4103?
1
What is the hundreds digit of 184?
1
What is the thousands digit of 1930?
1
What is the thousands digit of 1785?
1
What is the tens digit of 3589?
8
What is the tens digit of 12908?
0
What is the hundreds digit of 39388?
3
What is the hundreds digit of 6807?
8
What is the units digit of 9779?
9
What is the tens digit of 9606?
0
What is the thousands digit of 4384?
4
What is the tens digit of 2126?
2
What is the thousands digit of 12060?
2
What is the hundreds digit of 65014?
0
What is the tens digit of 608?
0
What is the units digit of 17575?
5
What is the units digit of 2724?
4
What is the units digit of 956?
6
What is the units digit of 1952?
2
What is the units digit of 1371?
1
What is the units digit of 310?
0
What is the units digit of 43919?
9
What is the units digit of 5020?
0
What is the thousands digit of 12042?
2
What is the hundreds digit of 3019?
0
What is the thousands digit of 1786?
1
What is the tens digit of 11320?
2
What is the units digit of 198?
8
What is the hundreds digit of 2845?
8
What is the thousands digit of 1752?
1
What is the tens digit of 15034?
3
What is the tens digit of 194?
9
What is the tens digit of 8562?
6
What is the thousands digit of 1166?
1
What is the hundreds digit of 199323?
3
What is the hundreds digit of 102394?
3
What is the thousands digit of 10310?
0
What is the units digit of 31773?
3
What is the thousands digit of 1262?
1
What is the hundreds digit of 1494?
4
What is the tens digit of 477?
7
What is the hundreds digit of 2157?
1
What is the units digit of 5880?
0
What is the tens digit of 50343?
4
What is the tens digit of 4111?
1
What is the units digit of 4307?
7
What is the units digit of 2434?
4
What is the units digit of 288?
8
What is the hundreds digit of 1219?
2
What is the hundreds digit of 1141?
1
What is the tens digit of 135?
3
What is the hundreds digit of 162?
1
What is the thousands digit of 3177?
3
What is the units digit of 883?
3
What is the thousands digit of 1386?
1
What is the units digit of 1216?
6
What is the hundreds digit of 37551?
5
What is the hundreds digit of 14441?
4
What is th